{"id":2,"date":"2022-11-10T10:51:13","date_gmt":"2022-11-10T10:51:13","guid":{"rendered":"https:\/\/alojaexternos.us.es\/practicat\/?page_id=2"},"modified":"2023-07-03T07:41:30","modified_gmt":"2023-07-03T07:41:30","slug":"login","status":"publish","type":"page","link":"https:\/\/alojaexternos.us.es\/practicat\/login\/","title":{"rendered":"Login"},"content":{"rendered":"[vc_row type=&#8221;in_container&#8221; full_screen_row_position=&#8221;middle&#8221; column_margin=&#8221;default&#8221; equal_height=&#8221;yes&#8221; content_placement=&#8221;middle&#8221; column_direction=&#8221;default&#8221; column_direction_tablet=&#8221;default&#8221; column_direction_phone=&#8221;default&#8221; full_height=&#8221;yes&#8221; scene_position=&#8221;center&#8221; constrain_group_1=&#8221;yes&#8221; bottom_margin=&#8221;0&#8243; text_color=&#8221;dark&#8221; text_align=&#8221;left&#8221; row_border_radius=&#8221;none&#8221; row_border_radius_applies=&#8221;bg&#8221; overflow=&#8221;visible&#8221; overlay_strength=&#8221;0.3&#8243; gradient_direction=&#8221;left_to_right&#8221; shape_divider_position=&#8221;bottom&#8221; bg_image_animation=&#8221;none&#8221; gradient_type=&#8221;default&#8221; shape_type=&#8221;&#8221;][vc_column column_padding=&#8221;no-extra-padding&#8221; column_padding_tablet=&#8221;inherit&#8221; column_padding_phone=&#8221;inherit&#8221; column_padding_position=&#8221;all&#8221; column_element_direction_desktop=&#8221;default&#8221; column_element_spacing=&#8221;default&#8221; desktop_text_alignment=&#8221;default&#8221; tablet_text_alignment=&#8221;default&#8221; phone_text_alignment=&#8221;default&#8221; background_color_opacity=&#8221;1&#8243; background_hover_color_opacity=&#8221;1&#8243; column_backdrop_filter=&#8221;none&#8221; column_shadow=&#8221;none&#8221; column_border_radius=&#8221;none&#8221; column_link_target=&#8221;_self&#8221; column_position=&#8221;default&#8221; gradient_direction=&#8221;left_to_right&#8221; overlay_strength=&#8221;0.3&#8243; width=&#8221;2\/3&#8243; tablet_width_inherit=&#8221;default&#8221; animation_type=&#8221;default&#8221; bg_image_animation=&#8221;none&#8221; border_type=&#8221;simple&#8221; column_border_width=&#8221;none&#8221; column_border_style=&#8221;solid&#8221;][vc_column_text]Bienvenidos\/as al<br \/>\n<strong>Observatorio de evoluci\u00f3n de competencias<\/strong><\/p>\n<p>\u00bfCu\u00e1l es la importancia de las competencias?<\/p>\n<p>Las competencias personales son el conjunto de habilidades, capacidades, actitudes y conocimientos que se han adquirido en contextos profesionales o no, y que te ayudar\u00e1n a enfrentarte con solvencia a las diferentes tareas que tienes que desempe\u00f1ar en todos los \u00e1mbitos de la vida.<\/p>\n<p>Las competencias te ayudar\u00e1n a crecer como persona y como profesional, a trav\u00e9s del desempe\u00f1o pr\u00e1ctico de experiencias y vivencias que construyen y desarrollan nuestras habilidades, destrezas y actitudes necesarias para un buen desempe\u00f1o profesional encaminado hacia la eficiencia y el \u00e9xito.<\/p>\n<p>Las competencias recogen el saber hacer y el saber estar necesarios para tu ejercicio profesional.[\/vc_column_text][\/vc_column][vc_column column_padding=&#8221;padding-3-percent&#8221; column_padding_tablet=&#8221;inherit&#8221; column_padding_phone=&#8221;inherit&#8221; column_padding_position=&#8221;all&#8221; column_element_direction_desktop=&#8221;default&#8221; column_element_spacing=&#8221;default&#8221; desktop_text_alignment=&#8221;default&#8221; tablet_text_alignment=&#8221;default&#8221; phone_text_alignment=&#8221;default&#8221; background_color_opacity=&#8221;1&#8243; background_hover_color_opacity=&#8221;1&#8243; column_backdrop_filter=&#8221;none&#8221; column_shadow=&#8221;none&#8221; column_border_radius=&#8221;5px&#8221; column_link_target=&#8221;_self&#8221; column_position=&#8221;default&#8221; gradient_direction=&#8221;left_to_right&#8221; overlay_strength=&#8221;0.3&#8243; width=&#8221;1\/3&#8243; tablet_width_inherit=&#8221;default&#8221; animation_type=&#8221;default&#8221; bg_image_animation=&#8221;none&#8221; border_type=&#8221;simple&#8221; column_border_width=&#8221;1px&#8221; column_border_color=&#8221;#ff1053&#8243; column_border_style=&#8221;solid&#8221; column_padding_type=&#8221;default&#8221; gradient_type=&#8221;default&#8221;][vc_custom_heading text=&#8221;Sign in&#8221; font_container=&#8221;tag:h2|text_align:center&#8221; use_theme_fonts=&#8221;yes&#8221;][divider line_type=&#8221;No Line&#8221;][vc_column_text]<div class=\"lwa-wrapper lwa-bones\">\r\n\t<div class=\"lwa lwa-default pixelbones lwa-login\" style='--accent-hue:220; --accent-s:85%; --accent-l:57%; --avatar-size:60px; '>\r\n\t\t<form class=\"lwa-form\" action=\"https:\/\/alojaexternos.us.es\/practicat\/login\/?template=default\" method=\"post\">\r\n\t\t\t\t\t\t<div class=\"lwa-username input-field\">\r\n\t\t\t\t<label for=\"lwa_user_login_97562\">Nombre de usuario<\/label>\r\n\t\t\t\t<input type=\"text\" name=\"log\" id=\"lwa_user_login_97562\" placeholder=\"Nombre de usuario\" class=\"u-full-width\">\r\n\t\t\t<\/div>\r\n\t\t\t<div class=\"lwa-password input-field\">\r\n\t\t\t\t<label for=\"lwa_user_pass_97562\">Contrase\u00f1a<\/label>\r\n\t\t\t\t<input type=\"password\" name=\"pwd\" id=\"lwa_user_pass_97562\" placeholder=\"Contrase\u00f1a\" class=\"u-full-width\">\r\n\t\t\t<\/div>\r\n\r\n\t\t\t<div class=\"lwa-login_form\">\r\n\t\t\t\t\t\t\t\t\t\t\t<\/div>\r\n\r\n\t\t\t<div class=\"grid-container submit\">\r\n\t\t\t\t<div class=\"lwa-submit-button\">\r\n\t\t\t\t\t<input type=\"submit\" name=\"wp-submit\" class=\"button-primary\" value=\"Acceder\" tabindex=\"100\" >\r\n\t\t\t\t\t<input type=\"hidden\" name=\"lwa_profile_link\" value=\"1\">\r\n\t\t\t\t\t<input type=\"hidden\" name=\"login-with-ajax\" value=\"login\">\r\n\t\t\t\t\t\t\t\t\t<\/div>\r\n\r\n\t\t\t\t<div class=\"lwa-links\">\r\n\t\t\t\t\t\r\n\t\t\t\t\t\r\n\t\t\t\t\t\t\t\t\t<\/div>\r\n\t\t\t<\/div>\r\n\t\t<\/form>\r\n\t\t\t\t\t<form class=\"lwa-remember\" action=\"https:\/\/alojaexternos.us.es\/practicat\/login\/?action=lostpassword&#038;template=default\" method=\"post\" style=\"display:none;\">\r\n\t\t\t\t<p class=\"lwa-title\">Contrase\u00f1a olvidada<\/p>\r\n\t\t\t\t<div class=\"lwa-remember-email input-field\">\r\n\t\t\t\t\t\t\t\t\t\t<label for=\"lwa_user_remember_97562\">Introduce tu nombre de usuario o correo electr\u00f3nico<\/label>\r\n\t\t\t\t\t<input type=\"text\" name=\"user_login\" id=\"lwa_user_remember_97562\" placeholder=\"Introduce tu nombre de usuario o correo electr\u00f3nico\">\r\n\t\t\t\t<\/div>\r\n\t\t\t\t\t\t\t\t<div class=\"lwa-submit-button\">\r\n\t\t\t\t\t<input type=\"submit\" value=\"Obtener nueva contrase\u00f1a\" class=\"button-primary\">\r\n\t\t\t\t\t<a href=\"#\" class=\"lwa-links-remember-cancel button\">Cancelar<\/a>\r\n\t\t\t\t\t<input type=\"hidden\" name=\"login-with-ajax\" value=\"remember\">\r\n\t\t\t\t<\/div>\r\n\t\t\t<\/form>\r\n\t\t\t\t\r\n\t<\/div>\r\n<\/div>[\/vc_column_text][\/vc_column][\/vc_row]\n","protected":false},"excerpt":{"rendered":"<p>[vc_row type=&#8221;in_container&#8221; full_screen_row_position=&#8221;middle&#8221; column_margin=&#8221;default&#8221; equal_height=&#8221;yes&#8221; content_placement=&#8221;middle&#8221; column_direction=&#8221;default&#8221; column_direction_tablet=&#8221;default&#8221; column_direction_phone=&#8221;default&#8221; full_height=&#8221;yes&#8221; scene_position=&#8221;center&#8221; constrain_group_1=&#8221;yes&#8221; bottom_margin=&#8221;0&#8243; text_color=&#8221;dark&#8221; text_align=&#8221;left&#8221; row_border_radius=&#8221;none&#8221; row_border_radius_applies=&#8221;bg&#8221; overflow=&#8221;visible&#8221; overlay_strength=&#8221;0.3&#8243; gradient_direction=&#8221;left_to_right&#8221; shape_divider_position=&#8221;bottom&#8221; bg_image_animation=&#8221;none&#8221; gradient_type=&#8221;default&#8221; shape_type=&#8221;&#8221;][vc_column column_padding=&#8221;no-extra-padding&#8221; column_padding_tablet=&#8221;inherit&#8221; column_padding_phone=&#8221;inherit&#8221; column_padding_position=&#8221;all&#8221; column_element_direction_desktop=&#8221;default&#8221; column_element_spacing=&#8221;default&#8221;&#8230;<\/p>\n","protected":false},"author":1,"featured_media":0,"parent":0,"menu_order":0,"comment_status":"closed","ping_status":"closed","template":"template-no-footer.php","meta":{"_bbp_topic_count":0,"_bbp_reply_count":0,"_bbp_total_topic_count":0,"_bbp_total_reply_count":0,"_bbp_voice_count":0,"_bbp_anonymous_reply_count":0,"_bbp_topic_count_hidden":0,"_bbp_reply_count_hidden":0,"_bbp_forum_subforum_count":0,"footnotes":""},"class_list":["post-2","page","type-page","status-publish"],"_links":{"self":[{"href":"https:\/\/alojaexternos.us.es\/practicat\/wp-json\/wp\/v2\/pages\/2","targetHints":{"allow":["GET"]}}],"collection":[{"href":"https:\/\/alojaexternos.us.es\/practicat\/wp-json\/wp\/v2\/pages"}],"about":[{"href":"https:\/\/alojaexternos.us.es\/practicat\/wp-json\/wp\/v2\/types\/page"}],"author":[{"embeddable":true,"href":"https:\/\/alojaexternos.us.es\/practicat\/wp-json\/wp\/v2\/users\/1"}],"replies":[{"embeddable":true,"href":"https:\/\/alojaexternos.us.es\/practicat\/wp-json\/wp\/v2\/comments?post=2"}],"version-history":[{"count":90,"href":"https:\/\/alojaexternos.us.es\/practicat\/wp-json\/wp\/v2\/pages\/2\/revisions"}],"predecessor-version":[{"id":355,"href":"https:\/\/alojaexternos.us.es\/practicat\/wp-json\/wp\/v2\/pages\/2\/revisions\/355"}],"wp:attachment":[{"href":"https:\/\/alojaexternos.us.es\/practicat\/wp-json\/wp\/v2\/media?parent=2"}],"curies":[{"name":"wp","href":"https:\/\/api.w.org\/{rel}","templated":true}]}}